ase 16, what is 13 + -180?
-16d
In base 15, what is -502 - -5?
-4ec
In base 5, what is 20 + -314?
-244
In base 14, what is 436 - 7?
42d
In base 14, what is -2d + 25?
-8
In base 16, what is -18f - 6?
-195
In base 6, what is -4 - -4342?
4334
In base 16, what is -3 - 117b?
-117e
In base 8, what is 75 - 106?
-11
In base 9, what is -3 + -1817?
-1821
In base 12, what is 30 + 6?
36
In base 11, what is -1 + 21?
20
In base 9, what is -1 + -633?
-634
In base 13, what is -3 + -33?
-36
In base 9, what is 170 - 4?
165
In base 15, what is -37 + 6?
-31
In base 3, what is 112120 - -20?
112210
In base 11, what is -a7 - 7?
-103
In base 11, what is -571 + -4?
-575
In base 15, what is 139 - -2?
13b
In base 12, what is -558 - 5?
-561
In base 3, what is -1 + 1222101?
1222100
In base 4, what is -123 + -10?
-133
In base 11, what is 35 - -21?
56
In base 10, what is -38 + 0?
-38
In base 4, what is -1101 + -22?
-1123
In base 12, what is -1 + -8b?
-90
In base 13, what is 0 - -4?
4
In base 9, what is -4 + -88?
-103
In base 12, what is -1089 - 0?
-1089
In base 8, what is -4 - -134?
130
In base 15, what is 3c04 - -2?
3c06
In base 9, what is 10 + -50?
-40
In base 14, what is 27 + -b?
1a
In base 5, what is -10 - 30424?
-30434
In base 9, what is -172 + -5?
-177
In base 13, what is 67 + 10?
77
In base 12, what is 25 + b4?
119
In base 4, what is 3 - 221223?
-221220
In base 7, what is 41 - 14?
24
In base 3, what is 121 - 1110?
-212
In base 12, what is -266 + -10?
-276
In base 5, what is -40422 - 0?
-40422
In base 2, what is 11 - -10?
101
In base 8, what is 111 - -4?
115
In base 16, what is 168d + 5?
1692
In base 13, what is -42 - 3?
-45
In base 9, what is 21382 - -2?
21384
In base 2, what is -10111100110000 - 1?
-10111100110001
In base 14, what is 214 - -3d?
253
In base 2, what is 1001001 + 110100?
1111101
In base 4, what is -1021 - -2?
-1013
In base 8, what is 1 + 41?
42
In base 5, what is -4 - -214?
210
In base 10, what is -326 - -10?
-316
In base 8, what is 61 + -6?
53
In base 8, what is -477 + 0?
-477
In base 15, what is -18 + -d?
-26
In base 11, what is -320 + 5?
-316
In base 5, what is 2 + 240?
242
In base 8, what is -4 + 656?
652
In base 16, what is -1 + 57?
56
In base 15, what is 10 - 10?
0
In base 11, what is 19 + 46?
64
In base 5, what is 1130 - 14?
1111
In base 11, what is -16 - 65?
-80
In base 2, what is 10 - 10110101011?
-10110101001
In base 13, what is -6 - -2ca7?
2ca1
In base 4, what is 2 + -121232?
-121230
In base 11, what is -5 - 26?
-30
In base 14, what is 5 - -18b?
192
In base 7, what is -41 + -54?
-125
In base 10, what is -4 + -1333?
-1337
In base 10, what is 2 + 39?
41
In base 3, what is 21021 - 2?
21012
In base 16, what is -3 - 4a?
-4d
In base 9, what is -227 - -10?
-217
In base 14, what is -7d5 + -5?
-7da
In base 9, what is 124 + 5?
130
In base 7, what is 4233 + 2?
4235
In base 13, what is -3 - 3a?
-40
In base 7, what is -40 - 20?
-60
In base 9, what is -2687 + 3?
-2684
In base 16, what is 2 - 198?
-196
In base 15, what is -147 + 2?
-145
In base 14, what is 0 + -a3?
-a3
In base 7, what is 3320 - 1?
3316
In base 15, what is -5 - 72?
-77
In base 12, what is 2 + -556?
-554
In base 3, what is 10122 + 21?
10220
In base 8, what is 42 - 20?
22
In base 16, what is cbc + -4?
cb8
In base 6, what is -1453 + -4?
-1501
In base 10, what is -3333 + 3?
-3330
In base 5, what is -341014 - 2?
-341021
In base 16, what is -1fc - 0?
-1fc
In base 6, what is 5103 - 4?
5055
In base 14, what is 2 - 22?
-20
In base 7, what is -4205 - -3?
-4202
In base 4, what is 11 + -113310?
-113233
In base 5, what is 2 - 331?
-324
In base 6, what is -15 - 20?
-35
In base 16, what is -5bc + -d?
-5c9
In base 14, what is -14 - -a?
-8
In base 8, what is -36 + -43?
-101
In base 16, what is c2 - -3?
c5
In base 13, what is -3 - c0?
-c3
In base 10, what is -32839 - -1?
-32838
In base 13, what is 575 - 0?
575
In base 11, what is 17a - 4?
176
In base 5, what is -12 + -4203?
-4220
In base 16, what is 0 + 3ee?
3ee
In base 6, what is -2152 - 2?
-2154
In base 9, what is -7 + -3?
-11
In base 6, what is -145 - 11?
-200
In base 4, what is 2230220 - 11?
2230203
In base 14, what is 7 - 37?
-30
In base 7, what is 5 - 5?
0
In base 3, what is 2 + -2020011?
-2020002
In base 3, what is 2 + -21220211?
-21220202
In base 8, what is 135 + 3?
140
In base 14, what is -2 - -30c?
30a
In base 16, what is 18bf - 4?
18bb
In base 16, what is -2 - -120?
11e
In base 9, what is -510 - 77?
-587
In base 11, what is 4 + -20a4?
-20a0
In base 16, what is 221c + 2?
221e
In base 15, what is -4 - -33?
2e
In base 15, what is -30 - -30?
0
In base 9, what is -655 - 11?
-666
In base 6, what is -3 - 142?
-145
In base 4, what is 11 + -220?
-203
In base 10, what is -16 + -5?
-21
In base 7, what is -14 + -14?
-31
In base 2, what is -11011100 - 1101?
-11101001
In base 3, what is -20 - 20200102?
-20200122
In base 13, what is 3a - -54?
91
In base 12, what is b - b2?
-a3
In base 9, what is 55 + -26?
28
In base 3, what is 21201 + -2?
21122
In base 13, what is 2 - 152?
-150
In base 11, what is 53 + 9?
61
In base 11, what is -3190 - 5?
-3195
In base 14, what is -1421 + 5?
-141a
In base 10, what is -39 - 3?
-42
In base 2, what is 100100101 + 100?
100101001
In base 16, what is 12a - 5?
125
In base 3, what is 11212 + 210?
12122
In base 7, what is 15020 - -1?
15021
In base 7, what is 156 - -4?
163
In base 15, what is 21 - -6a?
8b
In base 4, what is 1 + 100?
101
In base 8, what is 1 + -5557?
-5556
In base 2, what is -1011 - 11?
-1110
In base 13, what is 3 + -3a?
-37
In base 7, what is 64 + 53?
150
In base 9, what is 40 - 77?
-37
In base 14, what is 5 + -3?
2
In base 7, what is 13 + 52?
65
In base 9, what is 5 - -266?
272
In base 10, what is 8 + -267?
-259
In base 2, what is -111 - 11001111?
-11010110
In base 14, what is -4 + -32?
-36
In base 9, what is -258 - 8?
-267
In base 4, what is -1 - -2233?
2232
In base 15, what is -7 - 12?
-19
In base 10, what is -1018 + 3?
-1015
In base 12, what is 17 + b5?
110
In base 12, what is 1558 - -6?
1562
In base 11, what is -1 - -431?
430
In base 13, what is -48 + -5?
-50
In base 3, what is 1210001 - -1?
1210002
In base 3, what is -21 - 2010?
-2101
In base 10, what is 100 - 8?
92
In base 6, what is 0 + 51?
51
In base 4, what is -10 - -233?
223
In base 15, what is 3 + 44c?
450
In base 4, what is 20223 - -1?
20230
In base 2, what is 10111111010 + -100?
10111110110
In base 6, what is -3 - -341?
334
In base 4, what is -1 + 111131?
111130
In base 3, what is 10 - -1201?
1211
In base 15, what is -12e - 2?
-131
In base 9, what is -1 + 1562?
1561
In base 4, what is 10 + -123323?
-123313
In base 13, what is 2 - -11b?
120
In base 15, what is -3a - c?
-47
In base 4, what is 1110301 - 10?
1110231
In base 16, what is -6 + b?
5
In base 9, what is 1424 + 0?
1424
In base 16, what is 1 - 10a?
-109
In base 15, what is 3 + -80?
-7c
In base 5, what is -2 + -13?
-20
In base 7, what is -3 + -20460?
-20463
In base 6, what is 1 - -31445?
31450
In base 8, what is -615 + -4?
-621
In base 2, what is -11101 + -1100?
-101001
In base 12, what is 7 - -30?
37
In base 5, what is 2 - 43143?
-43141
In base 12, what is 0 + 122?
122
In base 8, what is 14 - -41?
55
In base 3, what is 2010002 + -2?
2010000
In base 11, what is -452 - 5?
-457
In base 6, what is -3 + -452?
-455
In base 15, what is -1a - 6?
-21
In base 16, what is -2a3 + 3?
-2a0
In base 12, what is -16 - -2?
-14
In base 16, what is 18 + 1?
19
In base 9, what is -20 + 2?
-17
In base 10, what is -2724 - -4?
-2720
In base 15, what is -3 - 2cb?
-2ce
In base 16, what is -146 - 2?
-148
In base 14, what is 8 - 59?
-51
In base 11, what is -4 + 40?
37
In base 4, what is -1320 - -10?
-1310
In base 8, what is 1502 - -1?
1503
In base 8, what is 7 + 356?
365
In base 12, what is -39 - 0?
-39
In base 2, what is 11001 + 1011011?
1110100
In base 15, what is -30c + 19?
-2e3
In base 11, what is -32 - -5?
-28
In base 3, what is -22021222 + 12?
-22021210
In base 8, what is 1 - -166?
167
In base 5, what is 31 + 2232?
2313
In base 4, what is -20 - -21?
1
In base 6, what is 4 - -14?
22
In base 15, what is -79 - 48?
-c2
In base 10, what is 17 - 641?
-624
In base 8, what is -3 - 122?
-125
In base 7, what is 1 + 203?
204
In base 16, what is -3 + -44?
-47
In base 15, what is 1d - -a?
28
In base 10, what is 4 + 21?
25
In base 6, 